{"id":2531,"date":"2022-09-07T16:32:52","date_gmt":"2022-09-07T14:32:52","guid":{"rendered":"https:\/\/lebenszeichen.shop\/produkt\/import-placeholder-for-5189\/"},"modified":"2025-11-10T16:17:25","modified_gmt":"2025-11-10T15:17:25","slug":"lebenszeichen-abonnement","status":"publish","type":"product","link":"https:\/\/lebenszeichen-international.at\/shop\/produkt\/lebenszeichen-abonnement\/","title":{"rendered":"LEBENSZEICHEN Kalender-Abonnement"},"content":{"rendered":"\t\t<div data-elementor-type=\"product-post\" data-elementor-id=\"2531\" class=\"elementor elementor-2531\" data-elementor-post-type=\"product\">\n\t\t\t\t\t\t<section class=\"elementor-section elementor-top-section elementor-element elementor-element-252a5b3f elementor-section-boxed elementor-section-height-default elementor-section-height-default\" data-id=\"252a5b3f\" data-element_type=\"section\">\n\t\t\t\t\t\t<div class=\"elementor-container elementor-column-gap-default\">\n\t\t\t\t\t<div class=\"elementor-column elementor-col-100 elementor-top-column elementor-element elementor-element-12dcb08d\" data-id=\"12dcb08d\" data-element_type=\"column\">\n\t\t\t<div class=\"elementor-widget-wrap elementor-element-populated\">\n\t\t\t\t\t\t<div class=\"elementor-element elementor-element-3171a363 elementor-widget elementor-widget-text-editor\" data-id=\"3171a363\" data-element_type=\"widget\" data-widget_type=\"text-editor.default\">\n\t\t\t\t\t\t\t\t\t<p>Jedes Jahr gibt Lebenszeichen einen attraktiven und gut lesbaren Kalender heraus, um Menschen \u00fcber die faszinierenden, aber oft unbekannten Kulturen dieser indigenen V\u00f6lker zu informieren und aufzukl\u00e4ren. Er zielt darauf ab, das Bewusstsein f\u00fcr den Schutz der indigenen V\u00f6lker und ihres angestammten Landes zu erh\u00f6hen. <\/p>\t\t\t\t\t\t\t\t<\/div>\n\t\t\t\t\t<\/div>\n\t\t<\/div>\n\t\t\t\t\t<\/div>\n\t\t<\/section>\n\t\t\t\t<\/div>\n\t\t","protected":false},"excerpt":{"rendered":"<p><strong>Ihr Abonnement ist nur per Lastschriftverfahren m\u00f6glich und nicht mehr mit dem Produkt &#8222;Lebenszeichen Kalender&#8220; kombinierbar!<\/strong><\/p>\n<p align=\"justify\"><strong>Ihre Vorteile:<\/strong><\/p>\n<ul>\n<li>Keine Versandkosten<\/li>\n<li>Lieferung erfolgt automatisch nachdem der Betrag vom Konto eingezogen wurde<\/li>\n<li>Jederzeit k\u00fcndbar<\/li>\n<\/ul>\n","protected":false},"featured_media":5020,"comment_status":"open","ping_status":"closed","template":"","meta":{"give_campaign_id":0},"product_brand":[],"product_cat":[69],"product_tag":[102],"class_list":{"0":"post-2531","1":"product","2":"type-product","3":"status-publish","4":"has-post-thumbnail","6":"product_cat-abonnement","7":"product_tag-abonnement","8":"product_shipping_class-abo","10":"first","11":"instock","12":"purchasable","13":"product-type-subscription"},"_links":{"self":[{"href":"https:\/\/lebenszeichen-international.at\/shop\/wp-json\/wp\/v2\/product\/2531","targetHints":{"allow":["GET"]}}],"collection":[{"href":"https:\/\/lebenszeichen-international.at\/shop\/wp-json\/wp\/v2\/product"}],"about":[{"href":"https:\/\/lebenszeichen-international.at\/shop\/wp-json\/wp\/v2\/types\/product"}],"replies":[{"embeddable":true,"href":"https:\/\/lebenszeichen-international.at\/shop\/wp-json\/wp\/v2\/comments?post=2531"}],"version-history":[{"count":0,"href":"https:\/\/lebenszeichen-international.at\/shop\/wp-json\/wp\/v2\/product\/2531\/revisions"}],"wp:featuredmedia":[{"embeddable":true,"href":"https:\/\/lebenszeichen-international.at\/shop\/wp-json\/wp\/v2\/media\/5020"}],"wp:attachment":[{"href":"https:\/\/lebenszeichen-international.at\/shop\/wp-json\/wp\/v2\/media?parent=2531"}],"wp:term":[{"taxonomy":"product_brand","embeddable":true,"href":"https:\/\/lebenszeichen-international.at\/shop\/wp-json\/wp\/v2\/product_brand?post=2531"},{"taxonomy":"product_cat","embeddable":true,"href":"https:\/\/lebenszeichen-international.at\/shop\/wp-json\/wp\/v2\/product_cat?post=2531"},{"taxonomy":"product_tag","embeddable":true,"href":"https:\/\/lebenszeichen-international.at\/shop\/wp-json\/wp\/v2\/product_tag?post=2531"}],"curies":[{"name":"wp","href":"https:\/\/api.w.org\/{rel}","templated":true}]}}